{"id":1860,"date":"2025-02-04T15:04:09","date_gmt":"2025-02-04T14:04:09","guid":{"rendered":"http:\/\/synapseimmigrationservices.ca\/?page_id=1860"},"modified":"2025-07-06T19:25:00","modified_gmt":"2025-07-06T17:25:00","slug":"accueil","status":"publish","type":"page","link":"https:\/\/synapseimmigrationservices.ca\/","title":{"rendered":"Accueil"},"content":{"rendered":"\t\t<div data-elementor-type=\"wp-page\" data-elementor-id=\"1860\" class=\"elementor elementor-1860\">\n\t\t\t\t\t\t<section class=\"elementor-section elementor-top-section elementor-element elementor-element-803e810 elementor-section-full_width elementor-section-height-default elementor-section-height-default\" data-id=\"803e810\" data-element_type=\"section\">\n\t\t\t\t\t\t<div class=\"elementor-container elementor-column-gap-no\">\n\t\t\t\t\t<div class=\"elementor-column elementor-col-100 elementor-top-column elementor-element elementor-element-ff81ca4\" data-id=\"ff81ca4\" data-element_type=\"column\">\n\t\t\t<div class=\"elementor-widget-wrap elementor-element-populated\">\n\t\t\t\t\t\t<div class=\"elementor-element elementor-element-a852923 elementor-widget elementor-widget-treck-main-slider\" data-id=\"a852923\" data-element_type=\"widget\" data-widget_type=\"treck-main-slider.default\">\n\t\t\t\t<div class=\"elementor-widget-container\">\n\t\t\t\t\t\r\n\t<!-- Main Sllider Start -->\r\n\t<section class=\"main-slider-three\">\r\n\t\t<div class=\"main-slider__carousel owl-carousel owl-theme thm-owl__carousel\" data-owl-options='{\"loop\": true,\r\n\t\t\t\"items\": 1, \r\n\t\t\t\"navText\": [\"<span class=\\\"icon-left-arrow\\\"><\/span>\",\"<span class=\\\"icon-right-arrow\\\"><\/span>\"], \r\n\t\t\t\"margin\": 0, \r\n\t\t\t\"dots\": true, \r\n\t\t\t\"nav\": true, \r\n\t\t\t\"animateOut\": \"slideOutDown\", \r\n\t\t\t\"animateIn\": \"fadeIn\", \r\n\t\t\t\"active\": true, \r\n\t\t\t\"smartSpeed\": 1000, \r\n\t\t\t\"autoplay\": true, \r\n\t\t\t\"autoplayTimeout\": 7000, \r\n\t\t\t\"autoplayHoverPause\": false}'>\r\n\t\t\t\t\t\t\t<div class=\"item main-slider-three__slide-1\">\r\n\t\t\t\t\t<div class=\"main-slider-three__bg\" style=\"background-image: url(http:\/\/bracketweb.com\/treckwp\/wp-content\/uploads\/2023\/04\/slider-3-1.jpg);\">\r\n\t\t\t\t\t<\/div><!-- \/.slider-one__bg -->\r\n\t\t\t\t\t<div class=\"container\">\r\n\t\t\t\t\t\t<div class=\"main-slider-three__content\">\r\n\t\t\t\t\t\t\t\r\n\t\t\t\t\t\t\t<h2 class=\"main-slider-three__title\">\r\n\t\t\t\t\t\t\t\tImmigrer au Canada<br>Connectons vos r\u00eaves \u00e0 la r\u00e9alit\u00e9\n\t\t\t\t\t\t\t<\/h2>\r\n\r\n\t\t\t\t\t\t\t<div class=\"main-slider-three__btn-box\">\r\n\t\t\t\t\t\t\t\t<a class=\"main-slider-three__btn-one thm-btn\" href=\"https:\/\/calendly.com\/sarah-synapseimmigrationservices\"  >Prendre un Rendez-vous<\/a>\t\t\t\t\t\t\t<\/div>\r\n\t\t\t\t\t\t<\/div>\r\n\t\t\t\t\t<\/div>\r\n\t\t\t\t<\/div>\r\n\t\t\t\t\t\t\t<div class=\"item main-slider-three__slide-1\">\r\n\t\t\t\t\t<div class=\"main-slider-three__bg\" style=\"background-image: url(http:\/\/bracketweb.com\/treckwp\/wp-content\/uploads\/2023\/04\/slider-3-2.jpg);\">\r\n\t\t\t\t\t<\/div><!-- \/.slider-one__bg -->\r\n\t\t\t\t\t<div class=\"container\">\r\n\t\t\t\t\t\t<div class=\"main-slider-three__content\">\r\n\t\t\t\t\t\t\t\r\n\t\t\t\t\t\t\t<h2 class=\"main-slider-three__title\">\r\n\t\t\t\t\t\t\t\tImmigrer au Canada<br>Connectons vos r\u00eaves \u00e0 la r\u00e9alit\u00e9\n\t\t\t\t\t\t\t<\/h2>\r\n\r\n\t\t\t\t\t\t\t<div class=\"main-slider-three__btn-box\">\r\n\t\t\t\t\t\t\t\t<a class=\"main-slider-three__btn-one thm-btn main-slider-three__btn-one thm-btn\" href=\"https:\/\/calendly.com\/sarah-synapseimmigrationservices\"  >Prendre un Rendez-vous<\/a>\t\t\t\t\t\t\t<\/div>\r\n\t\t\t\t\t\t<\/div>\r\n\t\t\t\t\t<\/div>\r\n\t\t\t\t<\/div>\r\n\t\t\t\t\t\t\t<div class=\"item main-slider-three__slide-1\">\r\n\t\t\t\t\t<div class=\"main-slider-three__bg\" style=\"background-image: url(http:\/\/bracketweb.com\/treckwp\/wp-content\/uploads\/2023\/04\/slider-3-3.jpg);\">\r\n\t\t\t\t\t<\/div><!-- \/.slider-one__bg -->\r\n\t\t\t\t\t<div class=\"container\">\r\n\t\t\t\t\t\t<div class=\"main-slider-three__content\">\r\n\t\t\t\t\t\t\t\r\n\t\t\t\t\t\t\t<h2 class=\"main-slider-three__title\">\r\n\t\t\t\t\t\t\t\tImmigrer au Canada<br>Connectons vos r\u00eaves \u00e0 la r\u00e9alit\u00e9\n\t\t\t\t\t\t\t<\/h2>\r\n\r\n\t\t\t\t\t\t\t<div class=\"main-slider-three__btn-box\">\r\n\t\t\t\t\t\t\t\t<a class=\"main-slider-three__btn-one thm-btn main-slider-three__btn-one thm-btn main-slider-three__btn-one thm-btn\" href=\"https:\/\/calendly.com\/sarah-synapseimmigrationservices\"  >Prendre un Rendez-vous<\/a>\t\t\t\t\t\t\t<\/div>\r\n\t\t\t\t\t\t<\/div>\r\n\t\t\t\t\t<\/div>\r\n\t\t\t\t<\/div>\r\n\t\t\t\t\t<\/div>\r\n\t<\/section>\r\n\t<!--Main Sllider Start -->\r\n\r\n\t\t\t\t<\/div>\n\t\t\t\t<\/div>\n\t\t\t\t\t<\/div>\n\t\t<\/div>\n\t\t\t\t\t<\/div>\n\t\t<\/section>\n\t\t\t\t<section class=\"elementor-section elementor-top-section elementor-element elementor-element-935e55c elementor-section-full_width elementor-section-height-default elementor-section-height-default\" data-id=\"935e55c\" data-element_type=\"section\">\n\t\t\t\t\t\t<div class=\"elementor-container elementor-column-gap-no\">\n\t\t\t\t\t<div class=\"elementor-column elementor-col-100 elementor-top-column elementor-element elementor-element-9350e9e\" data-id=\"9350e9e\" data-element_type=\"column\">\n\t\t\t<div class=\"elementor-widget-wrap\">\n\t\t\t\t\t\t\t<\/div>\n\t\t<\/div>\n\t\t\t\t\t<\/div>\n\t\t<\/section>\n\t\t\t\t<section class=\"elementor-section elementor-top-section elementor-element elementor-element-6438df1 elementor-section-full_width elementor-section-height-default elementor-section-height-default\" data-id=\"6438df1\" data-element_type=\"section\">\n\t\t\t\t\t\t<div class=\"elementor-container elementor-column-gap-no\">\n\t\t\t\t\t<div class=\"elementor-column elementor-col-100 elementor-top-column elementor-element elementor-element-0df78dc\" data-id=\"0df78dc\" data-element_type=\"column\">\n\t\t\t<div class=\"elementor-widget-wrap elementor-element-populated\">\n\t\t\t\t\t\t<div class=\"elementor-element elementor-element-21d39a3 elementor-widget elementor-widget-treck-feature\" data-id=\"21d39a3\" data-element_type=\"widget\" data-widget_type=\"treck-feature.default\">\n\t\t\t\t<div class=\"elementor-widget-container\">\n\t\t\t\t\t\r\n    <!--Feature Two Start-->\r\n    <section class=\"feature-two\">\r\n                    <div class=\"feature-two__shape-3 float-bob-y\">\r\n                <img decoding=\"async\" src=\"https:\/\/synapseimmigrationservices.ca\/wp-content\/uploads\/2023\/04\/feature-two-shape-3.png\" alt=\"alt\" title=\"feature-two-shape-3\" >            <\/div>\r\n                <div class=\"feature-two__wrap\">\r\n            <div class=\"container\">\r\n                <div class=\"row\">\r\n                                            <!--Feature Two Single Start-->\r\n                        <div class=\"col-xl-4 col-lg-4 wow fadeInUp\" data-wow-delay=\"100ms\">\r\n                            <div class=\"feature-two__single\">\r\n                                <div class=\"feature-two__single-inner\">\r\n                                    <div class=\"feature-two__shape-1\">\r\n                                        <div class=\"feature-two__shape-2\">\r\n                                            <div class=\"feature-two__icon icon-svg-large\">\r\n                                                <span aria-hidden=\"true\" class=\"icon-passport\"><\/span>                                            <\/div>\r\n                                        <\/div>\r\n                                    <\/div>\r\n                                    <div class=\"feature-two__content-box\">\r\n                                                                                <h3 class=\"feature-two__title\">\r\n                                            <a class=\"\" href=\"#!\"  ><br>R\u00e9sidence<br>Temporaire<\/a>                                        <\/h3>\r\n                                    <\/div>\r\n                                <\/div>\r\n                            <\/div>\r\n                        <\/div>\r\n                        <!--Feature Two Single End-->\r\n                                            <!--Feature Two Single Start-->\r\n                        <div class=\"col-xl-4 col-lg-4 wow fadeInUp\" data-wow-delay=\"200ms\">\r\n                            <div class=\"feature-two__single\">\r\n                                <div class=\"feature-two__single-inner\">\r\n                                    <div class=\"feature-two__shape-1\">\r\n                                        <div class=\"feature-two__shape-2\">\r\n                                            <div class=\"feature-two__icon icon-svg-large\">\r\n                                                <span aria-hidden=\"true\" class=\" icon-application\"><\/span>                                            <\/div>\r\n                                        <\/div>\r\n                                    <\/div>\r\n                                    <div class=\"feature-two__content-box\">\r\n                                                                                <h3 class=\"feature-two__title\">\r\n                                            <a class=\" \" href=\"#!\"  ><br>R\u00e9sidence<br>Permanente<\/a>                                        <\/h3>\r\n                                    <\/div>\r\n                                <\/div>\r\n                            <\/div>\r\n                        <\/div>\r\n                        <!--Feature Two Single End-->\r\n                                            <!--Feature Two Single Start-->\r\n                        <div class=\"col-xl-4 col-lg-4 wow fadeInUp\" data-wow-delay=\"300ms\">\r\n                            <div class=\"feature-two__single\">\r\n                                <div class=\"feature-two__single-inner\">\r\n                                    <div class=\"feature-two__shape-1\">\r\n                                        <div class=\"feature-two__shape-2\">\r\n                                            <div class=\"feature-two__icon icon-svg-large\">\r\n                                                <span aria-hidden=\"true\" class=\" icon-exchange\"><\/span>                                            <\/div>\r\n                                        <\/div>\r\n                                    <\/div>\r\n                                    <div class=\"feature-two__content-box\">\r\n                                                                                <h3 class=\"feature-two__title\">\r\n                                            <a class=\"  \" href=\"#!\"  ><br>Employeurs <br>&amp; Employ\u00e9s<\/a>                                        <\/h3>\r\n                                    <\/div>\r\n                                <\/div>\r\n                            <\/div>\r\n                        <\/div>\r\n                        <!--Feature Two Single End-->\r\n                                    <\/div>\r\n            <\/div>\r\n        <\/div>\r\n    <\/section>\r\n    <!--Feature Two Start -->\r\n\t\t\t\t<\/div>\n\t\t\t\t<\/div>\n\t\t\t\t<div class=\"elementor-element elementor-element-6284de7 elementor-widget elementor-widget-treck-contact-form\" data-id=\"6284de7\" data-element_type=\"widget\" data-widget_type=\"treck-contact-form.default\">\n\t\t\t\t<div class=\"elementor-widget-container\">\n\t\t\t\t\t    <!--Contact Three Start-->\r\n    <section class=\"contact-three\">\r\n                    <div class=\"contact-three__bg\" style=\"background-image: url(http:\/\/bracketweb.com\/treckwp\/wp-content\/uploads\/2023\/04\/contact-three-bg.png);\"><\/div>\r\n                <div class=\"container\">\r\n            <div class=\"row\">\r\n                <div class=\"col-xl-6 col-lg-7\">\r\n                    <div class=\"contact-three__left\">\r\n                        <div class=\"section-title text-left\">\r\n                            <div class=\"section-title__tagline-box\">\r\n                                <span class=\"section-title__tagline\">Contactez-nous<\/span>                                <div class=\"section-title__border-box\"><\/div>\r\n                            <\/div>\r\n                            <h2 class=\"section-title__title\">Contactez-nous pour plus d'informations!<\/h2>                        <\/div>\r\n                        <div class=\"contact-three__main-tab-box tabs-box\">\r\n                            <ul class=\"tab-buttons clearfix list-unstyled ml-0\">\r\n                                                                    <li data-tab=\"#tab_id_number1\" class=\"tab-btn active-btn\"><span>Tunisie<\/span><\/li>\r\n                                                                    <li data-tab=\"#tab_id_number2\" class=\"tab-btn \"><span>France<\/span><\/li>\r\n                                                                    <li data-tab=\"#tab_id_number3\" class=\"tab-btn \"><span>Dubai<\/span><\/li>\r\n                                                            <\/ul>\r\n                            <div class=\"tabs-content\">\r\n                                                                    <!--tab-->\r\n                                    <div class=\"tab active-tab\" id=\"tab_id_number1\">\r\n                                        <div class=\"contact-three__tab-content-inner\">\r\n                                            <p class=\"contact-three__tab-content-text\">Contactez-nous pour les visas et l&#039;immigration.<\/p>\r\n                                            <div class=\"contact-three__contact-details\">\r\n                                                <div class=\"contact-three__contact-details-img\">\r\n                                                    <img decoding=\"async\" src=\"https:\/\/synapseimmigrationservices.ca\/wp-content\/uploads\/2023\/04\/contact-three-contact-details-img.jpg\" alt=\"alt\" title=\"contact-three-contact-details-img\" >                                                <\/div>\r\n                                                <ul class=\"list-unstyled contact-three__contact-list ml-0\">\r\n                                                    <li>\r\n    <div class=\"icon\">\r\n        <i class=\"fas fa-map-marker-alt\"><\/i>\r\n    <\/div>\r\n    <div class=\"text\">\r\n        <p>Ottawa, Canada\r\n<\/p>\r\n    <\/div>\r\n<\/li>\r\n<li>\r\n    <div class=\"icon\">\r\n        <i class=\"fas fa-envelope\"><\/i>\r\n    <\/div>\r\n    <div class=\"text\">\r\n        <p><a href=\"mailto:sarah@synapseimmigrationservices.ca\">sarah@synapse<br>immigrationservices.ca<\/a>\r\n        <\/p>\r\n    <\/div>\r\n<\/li>\r\n<li>\r\n    <div class=\"icon\">\r\n        <i class=\"fas fa-phone\"><\/i>\r\n    <\/div>\r\n    <div class=\"text\">\r\n        <p><a href=\"tel:13439974070\">+1 343 997 4070<\/a><\/p>\r\n    <\/div>\r\n<\/li>                                                <\/ul>\r\n                                            <\/div>\r\n                                        <\/div>\r\n                                    <\/div>\r\n                                                                    <!--tab-->\r\n                                    <div class=\"tab \" id=\"tab_id_number2\">\r\n                                        <div class=\"contact-three__tab-content-inner\">\r\n                                            <p class=\"contact-three__tab-content-text\">Contactez-nous pour les visas et l&#039;immigration.<\/p>\r\n                                            <div class=\"contact-three__contact-details\">\r\n                                                <div class=\"contact-three__contact-details-img\">\r\n                                                    <img decoding=\"async\" src=\"https:\/\/synapseimmigrationservices.ca\/wp-content\/uploads\/2023\/04\/contact-three-contact-details-img.jpg\" alt=\"alt\" title=\"contact-three-contact-details-img\" >                                                <\/div>\r\n                                                <ul class=\"list-unstyled contact-three__contact-list ml-0\">\r\n                                                    <li>\r\n    <div class=\"icon\">\r\n        <i class=\"fas fa-map-marker-alt\"><\/i>\r\n    <\/div>\r\n    <div class=\"text\">\r\n        <p>Ottawa, Canada\r\n<\/p>\r\n    <\/div>\r\n<\/li>\r\n<li>\r\n    <div class=\"icon\">\r\n        <i class=\"fas fa-envelope\"><\/i>\r\n    <\/div>\r\n    <div class=\"text\">\r\n        <p><a href=\"mailto:sarah@synapseimmigrationservices.ca\">sarah@synapse<br>immigrationservices.ca<\/a>\r\n        <\/p>\r\n    <\/div>\r\n<\/li>\r\n<li>\r\n    <div class=\"icon\">\r\n        <i class=\"fas fa-phone\"><\/i>\r\n    <\/div>\r\n    <div class=\"text\">\r\n        <p><a href=\"tel:13439974070\">+1 343 997 4070<\/a><\/p>\r\n    <\/div>\r\n<\/li>                                                <\/ul>\r\n                                            <\/div>\r\n                                        <\/div>\r\n                                    <\/div>\r\n                                                                    <!--tab-->\r\n                                    <div class=\"tab \" id=\"tab_id_number3\">\r\n                                        <div class=\"contact-three__tab-content-inner\">\r\n                                            <p class=\"contact-three__tab-content-text\">Contactez-nous pour les visas et l&#039;immigration.<\/p>\r\n                                            <div class=\"contact-three__contact-details\">\r\n                                                <div class=\"contact-three__contact-details-img\">\r\n                                                    <img decoding=\"async\" src=\"https:\/\/synapseimmigrationservices.ca\/wp-content\/uploads\/2023\/04\/contact-three-contact-details-img.jpg\" alt=\"alt\" title=\"contact-three-contact-details-img\" >                                                <\/div>\r\n                                                <ul class=\"list-unstyled contact-three__contact-list ml-0\">\r\n                                                    <li>\r\n    <div class=\"icon\">\r\n        <i class=\"fas fa-map-marker-alt\"><\/i>\r\n    <\/div>\r\n    <div class=\"text\">\r\n        <p>Ottawa, Canada\r\n<\/p>\r\n    <\/div>\r\n<\/li>\r\n<li>\r\n    <div class=\"icon\">\r\n        <i class=\"fas fa-envelope\"><\/i>\r\n    <\/div>\r\n    <div class=\"text\">\r\n        <p><a href=\"mailto:sarah@synapseimmigrationservices.ca\">sarah@synapse<br>immigrationservices.ca<\/a>\r\n        <\/p>\r\n    <\/div>\r\n<\/li>\r\n<li>\r\n    <div class=\"icon\">\r\n        <i class=\"fas fa-phone\"><\/i>\r\n    <\/div>\r\n    <div class=\"text\">\r\n        <p><a href=\"tel:13439974070\">+1 343 997 4070<\/a><\/p>\r\n    <\/div>\r\n<\/li>                                                <\/ul>\r\n                                            <\/div>\r\n                                        <\/div>\r\n                                    <\/div>\r\n                                                            <\/div>\r\n                        <\/div>\r\n                    <\/div>\r\n                <\/div>\r\n                <div class=\"col-xl-6 col-lg-5\">\r\n                    <div class=\"contact-three__right\">\r\n                        <div class=\"contact-three__form-box\">\r\n                            <div class=\"contact-three__form-top\">\r\n                                <p>Demandez un rendez-vous<\/p>\r\n                            <\/div>\r\n                            <div class=\"wpcf7 no-js\" id=\"wpcf7-f376-o1\" lang=\"en-US\" dir=\"ltr\" data-wpcf7-id=\"376\">\n<div class=\"screen-reader-response\"><p role=\"status\" aria-live=\"polite\" aria-atomic=\"true\"><\/p> <ul><\/ul><\/div>\n<form action=\"\/index.php?rest_route=%2Fwp%2Fv2%2Fpages%2F1860#wpcf7-f376-o1\" method=\"post\" class=\"wpcf7-form init\" aria-label=\"Contact form\" novalidate=\"novalidate\" data-status=\"init\">\n<div style=\"display: none;\">\n<input type=\"hidden\" name=\"_wpcf7\" value=\"376\" \/>\n<input type=\"hidden\" name=\"_wpcf7_version\" value=\"6.0.3\" \/>\n<input type=\"hidden\" name=\"_wpcf7_locale\" value=\"en_US\" \/>\n<input type=\"hidden\" name=\"_wpcf7_unit_tag\" value=\"wpcf7-f376-o1\" \/>\n<input type=\"hidden\" name=\"_wpcf7_container_post\" value=\"0\" \/>\n<input type=\"hidden\" name=\"_wpcf7_posted_data_hash\" value=\"\" \/>\n<\/div>\n<div class=\"contact-three__form \">\n    <div class=\"row\">\n        <div class=\"col-xl-6 col-lg-6 col-md-6\">\n            <div class=\"contact-three__form-input-box\">\n                <span class=\"wpcf7-form-control-wrap\" data-name=\"fullname\"><input size=\"40\" maxlength=\"400\" class=\"wpcf7-form-control wpcf7-text wpcf7-validates-as-required\" aria-required=\"true\" aria-invalid=\"false\" placeholder=\"Nom Complet\" value=\"\" type=\"text\" name=\"fullname\" \/><\/span>\n            <\/div>\n        <\/div>\n        <div class=\"col-xl-6 col-lg-6 col-md-6\">\n            <div class=\"contact-three__form-input-box\">\n               <span class=\"wpcf7-form-control-wrap\" data-name=\"email-268\"><input size=\"40\" maxlength=\"400\" class=\"wpcf7-form-control wpcf7-email wpcf7-validates-as-required wpcf7-text wpcf7-validates-as-email\" aria-required=\"true\" aria-invalid=\"false\" placeholder=\"Adresse Email\" value=\"\" type=\"email\" name=\"email-268\" \/><\/span>\n            <\/div>\n        <\/div>\n        <div class=\"col-xl-12\">\n            <div class=\"contact-three__form-input-box\">\n                <span class=\"wpcf7-form-control-wrap\" data-name=\"Phone\"><input size=\"40\" maxlength=\"400\" class=\"wpcf7-form-control wpcf7-text\" aria-invalid=\"false\" placeholder=\"T\u00e9l\u00e9phone\" value=\"\" type=\"text\" name=\"Phone\" \/><\/span>\n            <\/div>\n        <\/div>\n        <div class=\"col-xl-12\">\n            <div class=\"contact-three__form-input-box\">\n                <span class=\"wpcf7-form-control-wrap\" data-name=\"visa_type\"><input size=\"40\" maxlength=\"400\" class=\"wpcf7-form-control wpcf7-text\" aria-invalid=\"false\" placeholder=\"Type de Visa\" value=\"\" type=\"text\" name=\"visa_type\" \/><\/span>\n            <\/div>\n        <\/div>\n   \n    <\/div>\n    <div class=\"row\">\n        <div class=\"col-xl-12\">\n            <div class=\"contact-three__form-input-box text-message-box\">\n                <span class=\"wpcf7-form-control-wrap\" data-name=\"textarea-34\"><textarea cols=\"40\" rows=\"10\" maxlength=\"2000\" class=\"wpcf7-form-control wpcf7-textarea wpcf7-validates-as-required\" aria-required=\"true\" aria-invalid=\"false\" placeholder=\"Votre message...\" name=\"textarea-34\"><\/textarea><\/span>\n            <\/div>\n            <div class=\"contact-three__form-btn-box\">\n                <button type=\"submit\" class=\"thm-btn contact-three__form-btn\">Envoyer le message<\/button>\n            <\/div>\n        <\/div>\n    <\/div>\n<\/div><div class=\"wpcf7-response-output\" aria-hidden=\"true\"><\/div>\n<\/form>\n<\/div>                        <\/div>\r\n                    <\/div>\r\n                <\/div>\r\n            <\/div>\r\n        <\/div>\r\n    <\/section>\r\n    <!--Contact Three End-->\r\n\r\n\t\t\t\t<\/div>\n\t\t\t\t<\/div>\n\t\t\t\t\t<\/div>\n\t\t<\/div>\n\t\t\t\t\t<\/div>\n\t\t<\/section>\n\t\t\t\t<\/div>\n\t\t","protected":false},"excerpt":{"rendered":"<p>&#8220;,&#8221;&#8221;], &#8220;margin&#8221;: 0, &#8220;dots&#8221;: true, &#8220;nav&#8221;: true, &#8220;animateOut&#8221;: &#8220;slideOutDown&#8221;, &#8220;animateIn&#8221;: &#8220;fadeIn&#8221;, &#8220;active&#8221;: true, &#8220;smartSpeed&#8221;: 1000, &#8220;autoplay&#8221;: true, &#8220;autoplayTimeout&#8221;: 7000, &#8220;autoplayHoverPause&#8221;: false}&#8217;> Immigrer au CanadaConnectons vos r\u00eaves \u00e0 la r\u00e9alit\u00e9 Prendre un Rendez-vous Immigrer au CanadaConnectons vos r\u00eaves \u00e0 la r\u00e9alit\u00e9 Prendre un Rendez-vous Immigrer au CanadaConnectons vos r\u00eaves \u00e0 la r\u00e9alit\u00e9 Prendre un Rendez-vous R\u00e9sidenceTemporaire [&hellip;]<\/p>\n","protected":false},"author":2,"featured_media":0,"parent":0,"menu_order":0,"comment_status":"closed","ping_status":"closed","template":"elementor_header_footer","meta":{"_monsterinsights_skip_tracking":false,"_monsterinsights_sitenote_active":false,"_monsterinsights_sitenote_note":"","_monsterinsights_sitenote_category":0,"footnotes":""},"class_list":["post-1860","page","type-page","status-publish","hentry"],"aioseo_notices":[],"_links":{"self":[{"href":"https:\/\/synapseimmigrationservices.ca\/index.php?rest_route=\/wp\/v2\/pages\/1860","targetHints":{"allow":["GET"]}}],"collection":[{"href":"https:\/\/synapseimmigrationservices.ca\/index.php?rest_route=\/wp\/v2\/pages"}],"about":[{"href":"https:\/\/synapseimmigrationservices.ca\/index.php?rest_route=\/wp\/v2\/types\/page"}],"author":[{"embeddable":true,"href":"https:\/\/synapseimmigrationservices.ca\/index.php?rest_route=\/wp\/v2\/users\/2"}],"replies":[{"embeddable":true,"href":"https:\/\/synapseimmigrationservices.ca\/index.php?rest_route=%2Fwp%2Fv2%2Fcomments&post=1860"}],"version-history":[{"count":49,"href":"https:\/\/synapseimmigrationservices.ca\/index.php?rest_route=\/wp\/v2\/pages\/1860\/revisions"}],"predecessor-version":[{"id":1982,"href":"https:\/\/synapseimmigrationservices.ca\/index.php?rest_route=\/wp\/v2\/pages\/1860\/revisions\/1982"}],"wp:attachment":[{"href":"https:\/\/synapseimmigrationservices.ca\/index.php?rest_route=%2Fwp%2Fv2%2Fmedia&parent=1860"}],"curies":[{"name":"wp","href":"https:\/\/api.w.org\/{rel}","templated":true}]}}